Is z(w) prime?
True
Let h = 28309 + -3906. Is h composite?
True
Let i = -166641 - -298300. Is i a composite number?
True
Let f(g) = 21959*g**2 - 273*g + 55. Is f(-12) a prime number?
True
Suppose 3*l - 3 = 3. Suppose -6*j + l*j + 12 = 2*p, -2 = 3*p - 4*j. Suppose -111 = -p*b + 23. Is b composite?
False
Let n(x) = -22455*x + 343. Is n(-8) a composite number?
True
Let k(t) = 323*t**2 + 67*t + 473. Is k(-8) prime?
False
Let u = 23372 - 10478. Suppose -a + 2*v + 1083 = -2134, -4*a + u = 5*v. Is a a prime number?
True
Let h be 2/12 - 1865192/336. Let x = 14016 + h. Is x composite?
True
Let x(m) = 2*m - 16. Let o be x(9). Suppose -a + q = 2*q - 1442, -q - 2875 = -o*a. Is a a prime number?
True
Suppose -4*g - 2*k = -865274, -873*g - 4*k + 865280 = -869*g. Is g prime?
True
Suppose -2*z - 4*z = -2130. Suppose -f = 2*d - 472, -2*d = -4*f - z - 107. Let l = 630 - d. Is l composite?
True
Suppose -2*n + 24149 = -2*q + 278099, 5*q + 5*n = 634865. Is q a composite number?
True
Suppose 16*q - 17*q = 4*b - 12, 4*q - 6 = 5*b. Suppose b*v - 7979 = -i - 3*v, 3*v - 15944 = -2*i. Is i composite?
True
Let y(b) = -266*b - 23. Suppose 7*d + 4*d + 44 = 0. Is y(d) a composite number?
True
Suppose 38*s - 32*s = -3582. Let d = s - -2338. Is d a prime number?
True
Let l = -5451 + 12964. Is l a prime number?
False
Suppose -101*z - 3 = -102*z, -m = 3*z - 44476. Is m a prime number?
False
Let q = 657 - 666. Is ((-266)/30 - q) + (-14653)/(-15) composite?
False
Let n be (-2)/(-4) - 1612/(-8). Suppose -4*t + n = 658. Let i = 1013 + t. Is i a composite number?
True
Let n(q) = q**3 + 7*q**2 + 33*q + 25. Let r be n(-13). Let s = r - -2677. Is s prime?
True
Is 580065*8/24 - -2 composite?
False
Suppose -4*h = 2*q - 156246, -30*q + 33*q - 4*h - 234349 = 0. Suppose -q = -13*i + 210546. Is i a prime number?
False
Suppose 5*z - 2474501 = -3*u, 2*z - 10*u = 1058213 - 68435. Is z composite?
False
Let d = 40138 - 26745. Is d prime?
False
Let f(w) = -26*w - 59. Let l be f(6). Let u = 268 + l. Is u a composite number?
False
Let o(b) = -468*b - 456*b - 847*b + 29. Is o(-8) a composite number?
False
Suppose 2*f + 8212 = 4*x, 4*x - 9565 = -4*f - 25953. Let p = f + 9145. Is p prime?
False
Suppose -94*f + 1266823 + 78975 = 0. Is f a composite number?
True
Suppose w - 837286 + 95664 = q, -2*q = 2*w - 1483280. Is w prime?
False
Let m = 29186 - 12969. Is m composite?
False
Let l = 67 + -64. Suppose -3*s - a = -2203, -8*s - 3*a + 3677 = -l*s. Is s a prime number?
True
Suppose -25*c + 17977555 - 4745630 = 0. Is c a prime number?
False
Suppose -63168139 = -74*c - 8101264 + 96869111. Is c a composite number?
False
Is 84/(-630) + (-32914)/(-30) a prime number?
True
Suppose 0 = 2*q + 2*q - 5*f - 45900, 5*f = -3*q + 34425. Suppose -3*i = -q + 1014. Is i prime?
False
Suppose -24 = 4*a - 2*c, 0 = -0*a - 3*a + 2*c - 16. Let r be a/16 - 4/((-24)/6723). Let t = 1673 - r. Is t prime?
False
Suppose 0 = p - 7 - 4. Let w(c) = -10 + 2*c + p + 3*c**2 - 37*c**3 + 3*c**3 + 4*c**3. Is w(-2) a composite number?
True
Suppose -696 = 5*v + 2474. Let y = -603 - v. Is y composite?
False
Suppose -6*p + 225 - 687 = 0. Let o = -89 - p. Is ((o/(-9))/4)/((-5)/(-3885)) prime?
False
Let c be (-240)/36*12/(-10). Suppose 1273 = -7*s + c*s. Is s a composite number?
True
Let z be 6009/(112/20 + -5). Let o = z - 5609. Is o prime?
False
Suppose -4*v = -8*k + 3*k - 23, -5*v = 4*k + 2. Suppose -v*l + 3 = -5. Suppose n + 2595 = l*n. Is n a composite number?
True
Suppose 5 = -7*x + 8*x. Suppose x*g = -9285 + 87690. Is g a composite number?
True
Let y = 99 - 84. Is 3/y*-2 + 378034/10 a prime number?
False
Let c(j) = -j**2 - 2*j + 26. Let i be c(-6). Suppose -17*x = -21*x - 4, 3*x = i*v - 18857. Is v prime?
False
Let c = 296 - 294. Is ((-8436)/24)/((-1)/c) a composite number?
True
Is (-1)/4 + ((-82)/24)/(21/(-271467)) a composite number?
True
Suppose -4*n + 55460 + 120206 = -2*n. Is n a prime number?
True
Let g be 3/(-7) - 39/(-91). Suppose -8*y + 1308 + 2604 = g. Is y composite?
True
Let w(z) = -z**2 - 14*z - 7. Let x be w(-9). Let k = 41 - x. Suppose 0 = 2*o + o - 3*u - 3306, -9 = k*u. Is o a composite number?
True
Suppose 11*p + 3*g = 8*p + 899250, -p - 4*g + 299753 = 0. Is p a composite number?
False
Is (9/(126/28))/((-2)/(-63901)) prime?
True
Suppose 16*v - 18*v - 2*u + 91368 = 0, 2 = 2*u. Is v prime?
False
Let t = 68014 - 39562. Suppose 8*w = 20*w - t. Is w composite?
False
Suppose -153655 = -5*v + 5*p + 239005, 35 = 5*p. Is v a prime number?
True
Let v(g) = -g + 6. Let q be v(-11). Suppose -q - 18 = -5*j + 5*k, -j + 3*k + 3 = 0. Suppose -6933 - 582 = -j*x. Is x a composite number?
True
Let y be ((-108)/24)/((-83)/(-86) - 1). Is (-23658)/(-4)*86/y prime?
True
Let k(o) = 242*o**2 + 23*o - 184. Is k(21) a composite number?
False
Let w(q) = -517127*q**3 + 7*q**2 + 5*q. Is w(-1) composite?
False
Suppose -5*j = 3*p - 2*p + 44, -2*j - 13 = 5*p. Let x(v) = v**2 + 16*v + 6. Let m be x(j). Let z = m + 136. Is z a prime number?
True
Let y = 167064 + -65810. Is y a composite number?
True
Let h be 8115*((-2)/(-3) - 0). Let j = h - -3241. Is j composite?
True
Let o(z) = 3540 - 7060 + 3549 - 7640*z. Is o(-1) composite?
False
Suppose -5*r + 47*r - 2728866 = 0. Is r a prime number?
False
Let h(d) = -520*d**3 + 9*d**2 - 59*d - 347. Is h(-12) composite?
False
Let o be (10/(-4))/(-1)*(-24)/(-20). Let k(n) = 16*n**3 + n**2 - 6*n - 1. Let j be k(o). Suppose 3*a - 671 = -d, 3*a - 3*d = 241 + j. Is a a composite number?
False
Suppose 0 = -o + 15 - 13. Suppose -m = -4*j - 0*m + 10326, m + o = 0. Is j a composite number?
True
Let a(d) = 2*d**2 - 14*d + 4. Let r be a(7). Suppose -r*x + 132 - 460 = 0. Let i = 159 + x. Is i prime?
False
Suppose 5*m + 3*c - 425537 = 0, -88*m + 85*m + 255309 = 4*c. Is m a composite number?
True
Let p(a) = -41*a + 4*a**3 - 1 + 6 + 37*a + 8*a**2. Let n be p(-4). Let h = 290 - n. Is h composite?
False
Let l = -71366 - -106903. Is l a composite number?
False
Let a be (-328)/(-41) + (2 - 3019). Let g be ((-1027)/(-3))/(1/(-6)). Let y = g - a. Is y prime?
False
Let m = 7511 + -5270. Let h = m - -694. Is h a composite number?
True
Let i(q) = -234*q - 23. Let k be (44/(-2))/(9/18*4). Is i(k) a prime number?
True
Let d = -68 + 28. Let g be (20/d)/(-1 + (-1365)/(-1366)). Suppose 2*p - g - 111 = 0. Is p a composite number?
False
Let a = 7570 + -4499. Suppose 5*m - 14406 + a = 0. Suppose g + 2*g = -5*v + m, 5*v - 3765 = -5*g. Is g composite?
True
Let i be (-10 + 11)*(11 + -7). Suppose 44631 + 23409 = i*l + 4*j, -4*l + j = -68045. Is l a composite number?
False
Suppose -3*t + 152688 = 3*u, u - t - 53952 + 3066 = 0. Is u prime?
True
Let d = 3445 + -6262. Let s = -1438 - d. Is s a prime number?
False
Let t(s) = 1175*s - 5482. Is t(39) prime?
True
Let x be 252/70 - (-6)/(-10). Let t(s) = -x - 1 + 8 - 39*s. Is t(-25) a prime number?
False
Suppose 0 = -14*s + 17*s - 15, 2*w - 357577 = -3*s. Is w composite?
False
Let a = 38199 - 7430. Suppose 0 = 7*b + a - 84116. Is b prime?
True
Let g = -19 + 21. Suppose 0 = -3*t - k - 610, 0 = -g*t + k - 2*k - 407. Let u = t - -757. Is u prime?
False
Suppose -5*i - h + 2586745 = 0, -5*i + 5*h + 2071943 = -514802. Is i composite?
True
Let c(b) = -242*b. Let r be c(-4). Let h be -3 - (1 - 3)*(-14)/(-4). Suppose -y + h*n = -403, 281 = 3*y - 2*n - r. Is y prime?
True
Suppose 4*d = -4*s - 17780, 6*s + 4*d = s - 22230. Let x = s - -6503. Is x composite?
False
Let x(k) = -43*k**2 - 11*k - 23. Let b be x(-7). Let w = 0 - b. Is w a composite number?
False
Let u = 2902 + -1618. Let p = u - -1825. Is p a composite number?
False
Let p = 27568 + 4147. Suppose 24*c - p = 19*c. Is c composite?
False
Suppose -8424 = 2*p - c + 5179, -2*p - 13597 = c. Let x = 10593 + p. Is x composite?
False
Suppose 0 = 5*a - g - 56, 12*g + 1 = 11*g. Is a*(-2 - 2 - -3)*-17 composite?
True
Let l = 989 + -365. Let o = 13 - 8. Suppose -7*g + 1226 = -3*g + x, 2*g - o*x = l. Is g a composite number?
False
Let h = -386232 + 606731. Is h a composite number?
True
Suppose 7*b - 5*f = 5*b + 47, -58 = -4*b - 2*f. Suppose -b*q + 603 = -10885. Is q prime?
False
Let m = 4 - -6. Suppose -m*i = 6*i - 123472. Is i composite?
False
Suppose -14*n = -16*n + 4*g + 558, 2*n = -g + 573. Let l = n - -2920. Is l a composite number?
True
Let x(y) be the third derivative of 